 5*g - 41. Suppose 3*p + 2*o - 90 = 0, p = -2*o + 17 + w. Suppose -p = -3*a + 1. What is the tens digit of a?
1
Let u(o) be the first derivative of -4*o**2 + 6 - 1/3*o**3 + 10*o. What is the units digit of u(-7)?
7
Let f = -38 + 19. Let t = 11 + f. Let g = -4 - t. What is the units digit of g?
4
Suppose 16*r = 20*r. Suppose i - 592 = -5*k, -4*k + r*i - 4*i = -480. What is the units digit of k?
8
Let h(d) = -3*d - 5. Let p(i) = -9*i - 16. Let k(z) = -17*h(z) + 6*p(z). Let t(a) = -a - 4. Let x(j) = 2*k(j) - 7*t(j). What is the units digit of x(6)?
2
Let o(p) = -7*p + 27*p**2 - 28*p**2 + 0*p. Let g be o(-7). Suppose g = -2*s - 2*s + 8. What is the units digit of s?
2
Let y(w) = w**3 + 10*w**2 + 11*w + 11. Suppose -5*c + 90 - 25 = 0. Suppose -2*r + 44 = -5*f, -2*f - c - 1 = r. What is the tens digit of y(f)?
5
Let z(h) = 3*h**2 - 18*h + 4. Let b(a) = -10*a**2 + 55*a - 12. Let r(o) = -2*b(o) - 7*z(o). What is the tens digit of r(15)?
1
Let o(z) = -z + 3. Let i be o(-1). Let l be 48/(i/2 - 1). What is the units digit of l + 2 + -8 + 2?
4
Let g(z) = -2*z + 10. Let a be g(-8). Suppose 0 = 2*u - 4*x - 22, 2*u - 5*x + 1 = a. Suppose c + 0*i = -u*i - 21, -15 = 3*i. What is the units digit of c?
4
Suppose 5*b = 2*b - 69. Let o(d) = -d**3 - 12*d**2 + 8*d - 14. Let y be o(-13). Let t = y - b. What is the units digit of t?
4
Suppose 40*y + 5*r = 45*y - 14110, -y = -2*r - 2818. What is the hundreds digit of y?
8
What is the units digit of 290/75*123 - (-4)/10?
6
Suppose -21 = -k - 1. Suppose -10 = -25*n + k*n. Suppose 12 = n*h - 6. What is the units digit of h?
9
Suppose -85 - 35 = 3*p. Let y = -10 - -66. Let g = y + p. What is the units digit of g?
6
Let w = -44 - -48. Suppose -4*s + u = 0, w*u = 3*s + 8 + 5. What is the units digit of s?
1
Suppose 9*r = 6*r + 21. Suppose r*q = 11 + 17. Suppose -2*t - h + 43 = 0, -t - 75 = -6*t + q*h. What is the tens digit of t?
1
Let u = 61 + -58. Suppose u*s = -7 + 61. What is the units digit of s?
8
Let x(j) = 15*j**2 + 7*j**3 - 8*j**3 - 6*j + 14 - 9*j. Let g be x(14). Suppose -5*n - 2*p + 90 = g, 5*n - 60 - 30 = 5*p. What is the units digit of n?
8
Let o(w) = -w**2 + 13*w - 15. Let t be 94/10 - (-3)/5. What is the tens digit of o(t)?
1
Let r = 13 + -8. Suppose r*d - 3 - 22 = 0. Suppose 2 = d*w - 3. What is the units digit of w?
1
Suppose 0 = -5*i + 6 + 19. What is the tens digit of (-1)/(i/(-510))*2?
0
Suppose -37*f + 31*f = -2472. What is the units digit of f?
2
Let v = -49 - -45. What is the tens digit of 93 - (2/(-4) - (-6)/v)?
9
Let y be 21/(-56)*(2 - 10). What is the tens digit of 218*-4*y/(-24)?
0
Suppose -4*o + 42 + 242 = 0. Suppose -4*y + 3*r = -3*y - 89, 3*r = -y + o. What is the units digit of y?
0
Suppose 0*y - 4*y - 4*u + 932 = 0, 4*y = 3*u + 946. What is the hundreds digit of y?
2
Let z be (3 - 54/21) + 2192/14. Let r = z + -97. What is the units digit of r?
0
Let l = -20 - -19. Let q(c) = 3*c**2 - 1. Let h be q(l). What is the tens digit of h/(156/51 + -3)?
3
What is the thousands digit of (2152/(-10))/(191/(-3820))?
4
Let w(h) = 3*h + 48. Let m be w(-14). What is the units digit of 227 - m - (2 + 0 + 1)?
8
What is the units digit of -15 + 671/44 + 2831/4?
8
Suppose 4*w = w. Let c = 31 - w. Let x = c + -14. What is the units digit of x?
7
Let x be -6 + -3*12/(-9). What is the units digit of 1/x + (-91)/(-14)?
6
Let l be (-4)/6 + 39/(-9). Let b = 5 + l. Suppose b = 2*s - 5*w - 60, 5*s = s - w + 76. What is the tens digit of s?
2
Let n(o) = -5*o + 514. What is the tens digit of n(31)?
5
Let f = 659 + -51. Let s be (-4)/(-3) - f/(-12). What is the tens digit of (-4)/(-2) + -2 + s?
5
What is the hundreds digit of (63/6)/(-3)*(-8508)/42?
7
Let c be (-6)/3 - (0 + -2). Let f = c + 3. What is the units digit of 1/(-2)*(-42)/f?
7
Suppose -13*i + 15 = -8*i. Suppose i*p = h + 3*h - 124, -2*h - 3*p + 80 = 0. What is the units digit of h?
4
Let h = 11 - 11. Suppose 0 = -h*t - 3*t + 9. Let l = 13 + t. What is the units digit of l?
6
Suppose 5 = -w - 2*p + 4*p, w - 5*p + 14 = 0. Let g be (6*1)/(w/(-5)). What is the tens digit of g/4*(-8)/6?
1
Suppose 2*c - 1100 = 4*n - 4938, 2872 = 3*n + 5*c. What is the tens digit of n?
5
Let o(j) = j**3 + 6*j**2 + j + 6. Suppose 0 = -0*u - u + 6. Suppose -5 = -5*f + u*f. What is the tens digit of o(f)?
2
Suppose -4*j = h - 15, 0 = -4*j - 5*h + 8 + 3. Suppose 0*g + j*g + 71 = 5*v, 70 = 5*v - 5*g. Let m = v - 4. What is the tens digit of m?
1
Let t(c) = 2*c**3 - 6*c**2 + 4*c + 11. Let a be t(5). Suppose -j - 33 = -a. What is the units digit of j?
8
Let r(i) = -i**2 - 8*i + 12. Let m be r(-8). Suppose 3*z - 2*z = 3*w + 8, 0 = -z - w + m. What is the tens digit of z?
1
Let z(s) = -46*s**2 + 5*s - 41*s**2 + 89*s**2 + 54. What is the tens digit of z(-10)?
0
Let h be 2/(-13) - 6265/91. Let q = h + 99. What is the units digit of q?
0
Let i(g) = -2*g**2 + 4*g + 4*g + g**2 + 13 - g**3 - 7*g. What is the tens digit of i(-4)?
5
Suppose -9 = -4*f - o, 5*f + 0*o - 21 = 2*o. Suppose 0 = f*t - t. Suppose t*h - 4*h = -88. What is the tens digit of h?
2
Let w = 315 - 195. What is the units digit of (2/(-5))/((-8)/w)?
6
Suppose -2*m = m - 654. Let q = m + -131. Suppose -5*k + 2*k = -q. What is the units digit of k?
9
Let m = -1951 - -3315. What is the units digit of m?
4
Let a(f) = -f**3 - 58*f**2 - 103*f + 54. What is the hundreds digit of a(-57)?
6
What is the units digit of 3 + -3 + 7 + 845?
2
Suppose -4*q = -3*g + 783, -4 = -q - 7. What is the tens digit of g?
5
Suppose 0 = 24*z + 9*z - 55011. What is the units digit of z?
7
Suppose -j - 3*i - 9 = 0, -5*i - 4 = 21. Let k(m) = 6*m - 2. Let n(d) = -d**2 - d + 1. Let c(s) = -k(s) - 2*n(s). What is the units digit of c(j)?
8
Let i = 778 + -755. What is the units digit of i?
3
Let a = 1171 + -777. What is the tens digit of a?
9
Let y = 44 + -27. Suppose -y = -4*h - 9. Suppose -2*n = -3*w - 105, h*w - 30 - 100 = -2*n. What is the units digit of n?
0
Suppose 0 = -664*q + 671*q - 7042. What is the units digit of q?
6
Let w = -886 + 1793. What is the hundreds digit of w?
9
Let l be -3*(0 + -5)*(-1)/(-3). Suppose u - 389 = -3*o + 3*u, 4*u - 663 = -l*o. What is the units digit of o?
1
Let x be 89 - (25/(-5) + 0). What is the tens digit of 1*x - 6/(-9)*-3?
9
Suppose 2*n = 6*n - 5*v - 163, 2*v = -3*n + 105. What is the units digit of n?
7
Let k(p) = -302*p**3 + p**2 - 7*p - 7. What is the hundreds digit of k(-1)?
3
Suppose -29760 = 24*i - 36*i. What is the tens digit of i?
8
Let p = -43 - -46. What is the units digit of (p/(-6))/(2/(-312))?
8
Let t = -3 + 11. Let c = t - 14. Let x = c - -15. What is the units digit of x?
9
Suppose 5*v - 18 = -l - 2, 3*v + 4*l = -4. Let w(t) be the third derivative of 3*t**4/8 - t**3/6 - 36*t**2. What is the tens digit of w(v)?
3
Let l(v) = -19*v**3 + 5*v**2 - 9*v - 45. What is the thousands digit of l(-4)?
1
Let w(f) = 20*f - 25. What is the units digit of w(4)?
5
Let h be (1 - 3 - -4) + (239 - 5). Suppose -349 = -5*g + 2*c + 255, -2*g + h = 2*c. What is the units digit of g?
0
Let o(n) = n**3 + 16*n**2 - 19*n - 16. Let a be o(-17). Let l = 37 - a. Let f = l + -13. What is the units digit of f?
6
Suppose -m + 1407 = v, -1389 = -11*m + 10*m + 5*v. What is the hundreds digit of m?
4
Let z = 6 - 9. Let r be z + 2 + 0 - -143. Suppose r = 3*u + 46. What is the tens digit of u?
3
Suppose 0*p = -p + 24. Let x = p + -83. Let q = x - -101. What is the tens digit of q?
4
Let n be -6*((-15)/(-9) - 3). Suppose -223 + 1079 = n*c. What is the hundreds digit of c?
1
Let z(a) = -a**3 + 11*a**2 - 8*a + 8. Let s be z(10). Suppose -33*k = -s*k - 25. Suppose -f + 107 = 2*r, 2*r + k*f + 16 = 103. What is the tens digit of r?
5
Let f = 56 - 54. What is the units digit of (-1)/((-15)/20 + 1/f)?
4
Let q(l) = l**3 - 18*l**2 + l - 2. Let r be q(18). What is the hundreds digit of (-293)/(-2) - (-8)/r?
1
Let v = -93 - -95. Let j(t) = 43*t - 1. What is the tens digit of j(v)?
8
Let g be 16/24 - 4/(-3). Suppose g*t = -0 + 6. Suppose -t = -w + 12. What is the units digit of w?
5
Suppose 3*q + 7 = 5*n - 9, -2*q - 19 = -5*n. Suppose -2*m + 5*g = -152, 3*g = q*m - g - 235. What is the units digit of m?
1
What is the tens digit of 4 - -4*(-952)/64*-4?
4
Let x = 20 + -14. Let b be -4 + 3 + x - 0. Suppose -3*h - 2*c = c - 150, b*h = -4*c + 246. What is the unit